e of 55?
True
Does 3494 divide 454479347?
False
Is 8671396 a multiple of 561?
False
Does 865 divide 45730820?
True
Is 15400384 a multiple of 28?
False
Is 66520805 a multiple of 883?
True
Does 5574 divide 5071696104?
False
Does 14 divide 292199180?
True
Is 7756228 a multiple of 115?
False
Is 20 a factor of 4185121940?
True
Is 234975232 a multiple of 7?
False
Does 3123 divide 525232386?
True
Is 80 a factor of 171414090?
False
Is 133374808 a multiple of 56?
True
Is 63777714 a multiple of 1599?
True
Does 1383 divide 195546519?
True
Is 7 a factor of 10517868?
False
Is 96616521 a multiple of 173?
True
Is 1903 a factor of 156268041?
False
Is 143 a factor of 668930405?
True
Is 155 a factor of 20835207?
False
Is 7125300 a multiple of 455?
True
Is 394749715 a multiple of 2917?
False
Is 205002701 a multiple of 1203?
False
Is 175608671 a multiple of 14?
False
Is 69942583 a multiple of 107?
True
Is 398 a factor of 35440334?
False
Is 5307 a factor of 216467223?
True
Is 22920673 a multiple of 1884?
False
Is 18090243 a multiple of 295?
False
Is 8 a factor of 2077551063?
False
Is 8 a factor of 51658257?
False
Is 25 a factor of 72058538?
False
Does 167 divide 12099393?
False
Does 8 divide 2669644?
False
Is 10 a factor of 218077140?
True
Does 436 divide 2455071528?
True
Is 1304242817 a multiple of 22?
False
Is 137 a factor of 13504222?
False
Does 118 divide 39358135?
False
Is 14 a factor of 169232434?
True
Is 28367766 a multiple of 994?
True
Is 60 a factor of 1530214614?
False
Is 41880124 a multiple of 572?
True
Does 41 divide 17007784?
True
Does 551 divide 1467466516?
False
Is 6809600 a multiple of 760?
True
Is 45 a factor of 1200095832?
False
Does 69 divide 1390227437?
False
Is 1211788347 a multiple of 16?
False
Is 178 a factor of 113871406?
True
Does 8205 divide 3725929543?
False
Is 446997759 a multiple of 1055?
False
Is 46 a factor of 16758283?
False
Does 40 divide 21664264?
False
Is 82885092 a multiple of 30?
False
Is 5 a factor of 246694?
False
Is 73931284 a multiple of 7?
True
Is 137062215 a multiple of 45?
True
Does 14 divide 1342852?
True
Is 356570544 a multiple of 3828?
True
Is 164745974 a multiple of 632?
False
Is 282703218 a multiple of 7?
True
Does 9 divide 7058181?
False
Does 327 divide 41915425?
False
Is 755047964 a multiple of 44?
True
Does 364 divide 3041104790?
False
Is 68726854 a multiple of 278?
False
Is 1029430989 a multiple of 2584?
False
Is 3068 a factor of 448343454?
False
Does 48 divide 22041927?
False
Is 56897600 a multiple of 136?
False
Is 344361542 a multiple of 574?
True
Is 13520320 a multiple of 8?
True
Is 3 a factor of 7242684?
True
Is 18474669 a multiple of 62?
False
Is 47959230 a multiple of 3135?
True
Does 26 divide 237467776?
True
Is 77716004 a multiple of 19?
True
Does 7 divide 1826444840?
False
Is 38122106 a multiple of 1082?
True
Does 12 divide 461425?
False
Does 1325 divide 66460780?
False
Does 65 divide 254210451?
False
Is 94667712 a multiple of 2472?
True
Does 150 divide 30872550?
True
Does 1505 divide 104074390?
False
Is 659085823 a multiple of 6?
False
Is 78 a factor of 10972650?
True
Is 92790909 a multiple of 180?
False
Does 45 divide 3427551993?
False
Does 10 divide 5021730?
True
Does 19 divide 42154008?
True
Is 31 a factor of 16716378?
True
Does 27 divide 72508716?
True
Does 6 divide 49381572?
True
Is 42269796 a multiple of 1058?
False
Does 3567 divide 9053046?
True
Is 80 a factor of 28203040?
True
Is 807 a factor of 113756334?
True
Is 95032225 a multiple of 35?
False
Does 42 divide 5144833?
False
Is 3721994 a multiple of 64?
False
Does 3 divide 875329302?
True
Is 93017606 a multiple of 2257?
False
Does 4067 divide 972488839?
True
Is 4277683170 a multiple of 393?
True
Is 1371 a factor of 36841512?
True
Is 1036542350 a multiple of 80?
False
Is 1034 a factor of 598529163?
False
Is 314894592 a multiple of 144?
True
Is 1721 a factor of 11226083?
True
Does 4181 divide 109320921?
False
Is 2453 a factor of 148328004?
True
Is 24 a factor of 91873843?
False
Is 1523837509 a multiple of 2821?
False
Is 42 a factor of 20127114?
True
Does 328 divide 3240640?
True
Does 487 divide 10831343?
False
Is 2091966 a multiple of 16?
False
Does 172 divide 1262848424?
True
Is 8580 a factor of 471136380?
True
Is 3530 a factor of 36800250?
True
Is 3677911 a multiple of 2?
False
Is 1802690076 a multiple of 1990?
False
Is 1995 a factor of 59737110?
False
Is 633846198 a multiple of 1215?
False
Does 58 divide 83587014?
False
Is 20 a factor of 44253753?
False
Is 11351550 a multiple of 569?
True
Does 24 divide 330703536?
True
Is 529 a factor of 248758870?
False
Is 5 a factor of 246650456?
False
Is 116083188 a multiple of 10?
False
Is 16535988 a multiple of 1024?
False
Does 16 divide 157437961?
False
Does 19 divide 1370979665?
False
Does 12 divide 2262696?
True
Is 195092772 a multiple of 4?
True
Does 10 divide 5131814?
False
Is 6971 a factor of 788988628?
False
Is 514451900 a multiple of 20?
True
Is 16 a factor of 39449312?
True
Does 610 divide 109377668?
False
Does 409 divide 3418012?
False
Is 83 a factor of 33959492?
False
Is 251 a factor of 1422011268?
False
Does 1079 divide 436165226?
False
Is 8131102 a multiple of 7?
True
Is 22 a factor of 331668876?
True
Is 850320280 a multiple of 340?
True
Does 71 divide 325791381?
True
Is 2190648190 a multiple of 7780?
False
Is 1747961696 a multiple of 3952?
True
Is 13206833 a multiple of 17?
False
Does 32 divide 616746279?
False
Does 1832 divide 211260744?
True
Is 21 a factor of 1014556896?
False
Is 219205818 a multiple of 78?
True
Is 15360464 a multiple of 112?
True
Is 4559 a factor of 261887853?
False
Is 109 a factor of 56830803?
False
Does 36 divide 122747018?
False
Is 63106700 a multiple of 27?
False
Is 22917314 a multiple of 63?
False
Is 8056 a factor of 1916469618?
False
Does 497 divide 109814846?
False
Is 37 a factor of 37232646?
False
Is 18842280 a multiple of 120?
True
Is 3704 a factor of 55157365?
False
Is 83 a factor of 939006938?
False
Is 423015418 a multiple of 618?
False
Does 55 divide 14343340?
True
Is 36 a factor of 3069637791?
False
Does 8 divide 235877296?
True
Is 23 a factor of 30519459?
True
Is 63 a factor of 63559818?
True
Is 2361064788 a multiple of 34?
True
Is 86234339 a multiple of 53?
True
Is 1297 a factor of 24730379?
False
Is 9 a factor of 130855017?
False
Does 20 divide 31286800?
True
Does 5682 divide 455811373?
False
Is 5 a factor of 10446132?
False
Is 505382045 a multiple of 35?
True
Is 123013921 a multiple of 17?
True
Does 1487 divide 38661816?
False
Is 36151676 a multiple of 1028?
True
Is 1735 a factor of 1605019005?
True
Is 4 a factor of 53669849?
False
Is 1509042 a multiple of 13?
False
Is 42 a factor of 157023358?
False
Is 43421388 a multiple of 2937?
False
Does 78 divide 1616933009?
False
Is 37 a factor of 109845446?
False
Does 3774 divide 7444897584?
False
Is 104 a factor of 30450018?
False
Is 40 a factor of 1074672040?
True
Is 17 a factor of 53795633?
True
Does 233 divide 721779711?
True
Is 17217409 a multiple of 72?
False
Is 2662 a factor of 548502427?
False
Does 734 divide 8608352?
True
Is 6322131 a multiple of 3?
True
Is 13408286 a multiple of 556?
False
Is 1082640 a multiple of 13?
True
Is 69 a factor of 1402425?
True
Does 380 divide 262310200?
True
Is 153 a factor of 85515372?
True
Does 6 divide 1037881176?
True
Is 33 a factor of 3433485?
True
Is 20970012 a multiple of 372?
True
Is 55 a factor of 200367740?
False
Does 5932 divide 329599716?
True
Is 10830744 a multiple of 18?
True
Does 21 divide 2177310095?
False
Does 276 divide 4532732820?
True
Is 17711110 a multiple of 3?
False
Does 1205 divide 20589174?
False
Is 16 a factor of 20729648?
True
Does 1714 divide 128001520?
True
Does 4 divide 221666619?
False
Does 25 divide 1076192012?
False
Is 4084 a factor of 1306847328?
True
Is 15866950 a multiple of 17?
True
Is 182 a factor of 283839738?
True
Is 13102788 a multiple of 12?
True
Is 2593 a factor of 35290730?
True
Does 18 divide 22073410?
False
Is 3349138546 a multiple of 533?
True
Is 21615441 a multiple of 249?
True
Does 87 divide 256772420?
False
Is 12 a factor of 19697812?
False
Is 662025696 a multiple of 5223?
True
Is 996372571 a multiple of 14?
False
Is 165347787 a multiple of 11?
True
Is 725 a factor of 1492358071?
False
Does 10 divide 236006310?
True
Is 16 